{"version":"1.0","provider_name":"ALLIANCE INTERNATIONALE POUR LA PAIX ET LE D\u00c9VELOPPEMENT","provider_url":"https:\/\/iapd.international\/fr","title":"The international Alliance for Peace and Development asserts that the peace is the solution of the refugee problem\u00a0","type":"rich","width":600,"height":338,"html":"<blockquote class=\"wp-embedded-content\" data-secret=\"Upy4FI1yVQ\"><a href=\"https:\/\/iapd.international\/fr\/453-2\/\">L&#039;Alliance internationale pour la paix et le d\u00e9veloppement affirme que la paix est la solution au probl\u00e8me des r\u00e9fugi\u00e9s\u00a0<\/a><\/blockquote><iframe sandbox=\"allow-scripts\" security=\"restricted\" src=\"https:\/\/iapd.international\/fr\/453-2\/embed\/#?secret=Upy4FI1yVQ\" width=\"600\" height=\"338\" title=\"\u00ab\u00a0The international Alliance for Peace and Development asserts that the peace is the solution of the refugee problem\u00a0\u00a0\u00bb &#8212; INTERNATIONAL ALLIANCE FOR PEACE AND DEVELOPMENT\" data-secret=\"Upy4FI1yVQ\" frameborder=\"0\" marginwidth=\"0\" marginheight=\"0\" scrolling=\"no\" class=\"wp-embedded-content\"><\/iframe><script>\n\/*! This file is auto-generated *\/\n!function(d,l){\"use strict\";l.querySelector&&d.addEventListener&&\"undefined\"!=typeof URL&&(d.wp=d.wp||{},d.wp.receiveEmbedMessage||(d.wp.receiveEmbedMessage=function(e){var t=e.data;if((t||t.secret||t.message||t.value)&&!\/[^a-zA-Z0-9]\/.test(t.secret)){for(var s,r,n,a=l.querySelectorAll('iframe[data-secret=\"'+t.secret+'\"]'),o=l.querySelectorAll('blockquote[data-secret=\"'+t.secret+'\"]'),c=new RegExp(\"^https?:$\",\"i\"),i=0;i<o.length;i++)o[i].style.display=\"none\";for(i=0;i<a.length;i++)s=a[i],e.source===s.contentWindow&&(s.removeAttribute(\"style\"),\"height\"===t.message?(1e3<(r=parseInt(t.value,10))?r=1e3:~~r<200&&(r=200),s.height=r):\"link\"===t.message&&(r=new URL(s.getAttribute(\"src\")),n=new URL(t.value),c.test(n.protocol))&&n.host===r.host&&l.activeElement===s&&(d.top.location.href=t.value))}},d.addEventListener(\"message\",d.wp.receiveEmbedMessage,!1),l.addEventListener(\"DOMContentLoaded\",function(){for(var e,t,s=l.querySelectorAll(\"iframe.wp-embedded-content\"),r=0;r<s.length;r++)(t=(e=s[r]).getAttribute(\"data-secret\"))||(t=Math.random().toString(36).substring(2,12),e.src+=\"#?secret=\"+t,e.setAttribute(\"data-secret\",t)),e.contentWindow.postMessage({message:\"ready\",secret:t},\"*\")},!1)))}(window,document);\n<\/script>","thumbnail_url":"https:\/\/iapd.international\/wp-content\/uploads\/2019\/06\/World-Refugee-Day.jpg","thumbnail_width":842,"thumbnail_height":486,"description":"World refugee day: The international Alliance for Peace and Development asserts that the peace is the solution of the refugee problem\u00a0 In conjunction with world refugee day international Alliance for Peace and Development asserts that urgent peace is what refugees need. This year&#8217;s celebration comes under the motto &#8220;With the refugees: a step forward\u201d. Today, [&hellip;]"}

ALLIANCE INTERNATIONALE POUR LA PAIX ET LE DÉVELOPPEMENT

<blockquote class="wp-embedded-content" data-secret="Upy4FI1yVQ"><a href="https://iapd.international/fr/453-2/">L&#039;Alliance internationale pour la paix et le développement affirme que la paix est la solution au problème des réfugiés </a></blockquote><iframe sandbox="allow-scripts" security="restricted" src="https://iapd.international/fr/453-2/embed/#?secret=Upy4FI1yVQ" width="600" height="338" title="« The international Alliance for Peace and Development asserts that the peace is the solution of the refugee problem  » &#8212; INTERNATIONAL ALLIANCE FOR PEACE AND DEVELOPMENT" data-secret="Upy4FI1yVQ" frameborder="0" marginwidth="0" marginheight="0" scrolling="no" class="wp-embedded-content"></iframe><script>
/*! This file is auto-generated */
!function(d,l){"use strict";l.querySelector&&d.addEventListener&&"undefined"!=typeof URL&&(d.wp=d.wp||{},d.wp.receiveEmbedMessage||(d.wp.receiveEmbedMessage=function(e){var t=e.data;if((t||t.secret||t.message||t.value)&&!/[^a-zA-Z0-9]/.test(t.secret)){for(var s,r,n,a=l.querySelectorAll('iframe[data-secret="'+t.secret+'"]'),o=l.querySelectorAll('blockquote[data-secret="'+t.secret+'"]'),c=new RegExp("^https?:$","i"),i=0;i<o.length;i++)o[i].style.display="none";for(i=0;i<a.length;i++)s=a[i],e.source===s.contentWindow&&(s.removeAttribute("style"),"height"===t.message?(1e3<(r=parseInt(t.value,10))?r=1e3:~~r<200&&(r=200),s.height=r):"link"===t.message&&(r=new URL(s.getAttribute("src")),n=new URL(t.value),c.test(n.protocol))&&n.host===r.host&&l.activeElement===s&&(d.top.location.href=t.value))}},d.addEventListener("message",d.wp.receiveEmbedMessage,!1),l.addEventListener("DOMContentLoaded",function(){for(var e,t,s=l.querySelectorAll("iframe.wp-embedded-content"),r=0;r<s.length;r++)(t=(e=s[r]).getAttribute("data-secret"))||(t=Math.random().toString(36).substring(2,12),e.src+="#?secret="+t,e.setAttribute("data-secret",t)),e.contentWindow.postMessage({message:"ready",secret:t},"*")},!1)))}(window,document);
</script>
